culate the highest common divisor of 11473 and 2695.
77
What is the highest common factor of 4851 and 229383?
693
Calculate the greatest common factor of 1536 and 3081.
3
What is the highest common divisor of 1478537 and 20741?
2963
What is the highest common divisor of 33000 and 192?
24
What is the highest common factor of 3717 and 1449?
63
Calculate the highest common divisor of 14762 and 34122.
242
Calculate the highest common factor of 72832 and 24467.
569
What is the highest common factor of 54756 and 338?
338
What is the greatest common divisor of 1032 and 8856?
24
Calculate the greatest common divisor of 4200 and 18550.
350
Calculate the greatest common factor of 104448 and 51.
51
What is the greatest common factor of 8192 and 42944?
64
Calculate the greatest common divisor of 4042385 and 1475.
295
Calculate the highest common factor of 89460 and 40.
20
Calculate the highest common divisor of 25440 and 236115.
795
What is the greatest common factor of 324972 and 2196?
36
Calculate the greatest common divisor of 279 and 3114.
9
What is the highest common factor of 44 and 10053384?
44
Calculate the highest common factor of 506549 and 70550.
1411
Calculate the greatest common factor of 123071 and 221.
13
Calculate the greatest common factor of 1678208 and 42.
14
Calculate the highest common divisor of 9649237 and 13.
13
What is the greatest common divisor of 172705 and 130?
65
Calculate the greatest common divisor of 24187 and 4693.
361
What is the greatest common divisor of 340 and 62860?
20
What is the highest common divisor of 2262 and 53070?
174
Calculate the greatest common divisor of 34 and 138108.
34
Calculate the greatest common factor of 1225 and 344015.
35
Calculate the highest common divisor of 7 and 979447.
7
Calculate the greatest common divisor of 86820 and 1020.
60
What is the greatest common divisor of 44712 and 1472?
184
Calculate the highest common divisor of 7176 and 1288.
184
What is the highest common divisor of 510 and 2985?
15
Calculate the highest common divisor of 564554 and 6.
2
Calculate the greatest common divisor of 812265 and 15.
15
What is the greatest common divisor of 29552 and 336?
16
Calculate the greatest common divisor of 49 and 21182.
7
Calculate the highest common divisor of 5536 and 672.
32
What is the highest common divisor of 1426 and 9844?
46
Calculate the greatest common factor of 157345 and 25.
5
What is the highest common divisor of 164 and 41?
41
Calculate the greatest common divisor of 99450 and 85.
85
What is the greatest common factor of 12383 and 667?
29
Calculate the greatest common factor of 31512 and 1976.
104
What is the highest common divisor of 91 and 16576?
7
What is the highest common factor of 458 and 14826834?
458
Calculate the greatest common divisor of 451 and 1100.
11
Calculate the greatest common factor of 68 and 2533.
17
What is the greatest common divisor of 13849 and 55?
11
Calculate the highest common factor of 15321436 and 52.
52
Calculate the greatest common divisor of 6525 and 44225.
725
Calculate the highest common factor of 6680 and 470.
10
Calculate the highest common divisor of 74503 and 1042.
521
What is the highest common divisor of 492 and 256496?
164
Calculate the greatest common divisor of 19096 and 1953.
217
Calculate the highest common factor of 96 and 105978.
6
Calculate the greatest common factor of 759 and 2959341.
759
Calculate the highest common divisor of 162916 and 1183.
169
What is the greatest common factor of 266 and 144494?
14
Calculate the highest common factor of 7790 and 34358.
82
What is the highest common divisor of 38456 and 144?
8
What is the highest common factor of 148 and 1340?
4
What is the highest common factor of 360 and 78255?
45
What is the greatest common factor of 38236 and 484?
484
Calculate the greatest common factor of 544 and 299456.
32
What is the greatest common factor of 191961 and 1008?
63
What is the highest common factor of 25 and 895?
5
What is the highest common divisor of 34 and 8002?
2
What is the highest common divisor of 49982 and 402?
134
What is the highest common divisor of 112 and 225904?
112
What is the highest common factor of 7636 and 7820?
92
What is the highest common factor of 506 and 3025?
11
Calculate the greatest common divisor of 556431 and 9.
3
Calculate the highest common factor of 444 and 50468.
148
Calculate the highest common factor of 77924 and 10948.
644
What is the highest common factor of 576 and 2682?
18
What is the greatest common divisor of 1269738 and 1656?
414
Calculate the highest common factor of 13 and 1947231.
13
What is the highest common divisor of 94337 and 1421?
29
What is the greatest common factor of 22 and 1052227?
11
What is the highest common divisor of 58 and 130094?
58
Calculate the highest common factor of 3015 and 1557.
9
What is the highest common factor of 245581 and 21?
7
What is the highest common divisor of 594 and 52602?
66
Calculate the highest common factor of 716 and 68872.
4
Calculate the highest common divisor of 16 and 1587504.
16
Calculate the greatest common factor of 392 and 14456.
8
What is the greatest common divisor of 16 and 3105888?
16
Calculate the greatest common divisor of 678180 and 14478.
762
What is the highest common factor of 10188 and 43812?
36
Calculate the greatest common divisor of 24412 and 2513.
359
Calculate the highest common factor of 216447 and 957.
33
Calculate the greatest common divisor of 466 and 130480.
466
Calculate the greatest common factor of 446553 and 54.
27
Calculate the highest common factor of 95280 and 36.
12
What is the highest common divisor of 627 and 306075?
33
Calculate the highest common divisor of 86 and 22833.
43
What is the highest common divisor of 129 and 82001?
43
What is the highest common divisor of 2682108 and 286?
286
Calculate the highest common factor of 75735 and 5865.
255
What is the greatest common divisor of 266765 and 5?
5
Calculate the greatest common factor of 42 and 16466058.
42
Calculate the greatest common divisor of 1518 and 110.
22
Calculate the greatest common divisor of 485186 and 572.
26
What is the greatest common divisor of 1611600 and 158?
158
What is the highest common factor of 18 and 4634706?
6
What is the highest common factor of 4615 and 221?
13
What is the highest common factor of 82804 and 7366?
254
What is the greatest common factor of 6466 and 954?
106
What is the greatest common divisor of 154 and 6358?
22
What is the highest common factor of 1440556 and 507?
169
Calculate the highest common divisor of 12 and 367932.
12
Calculate the greatest common divisor of 5831 and 629.
17
What is the greatest common divisor of 639624 and 4176?
696
Calculate the highest common factor of 32617 and 39.
13
What is the greatest common factor of 5663113 and 283?
283
What is the highest common factor of 302691 and 489?
489
Calculate the highest common factor of 70 and 49630.
70
Calculate the highest common divisor of 752 and 5045168.
752
Calculate the highest common divisor of 82 and 121811.
41
What is the greatest common factor of 11736 and 3384?
72
Calculate the highest common divisor of 8004 and 483.
69
Calculate the greatest common factor of 2626 and 25480.
26
Calculate the highest common factor of 968 and 13684.
44
What is the greatest common factor of 42594 and 750?
6
Calculate the highest common factor of 40051 and 187.
11
Calculate the highest common divisor of 390 and 27950.
130
What is the greatest common divisor of 163 and 195763?
163
Calculate the highest common factor of 161073 and 297.
99
Calculate the highest common factor of 805 and 26810.
35
Calculate the greatest common divisor of 4179 and 168.
21
Calculate the highest common factor of 203940 and 45.
45
Calculate the highest common factor of 48 and 153192.
24
Calculate the greatest common divisor of 13 and 44837.
13
What is the greatest common divisor of 49 and 147?
49
Calculate the highest common factor of 994 and 1024814.
994
What is the highest common factor of 151929 and 612?
153
What is the greatest common divisor of 18 and 20364?
6
Calculate the highest common factor of 3184 and 403771.
199
What is the highest common factor of 255 and 8721?
51
What is the highest common divisor of 23028 and 228?
228
Calculate the 